 r and 8.
8
Let h = 797 + -601. What is the highest common factor of h and 224?
28
Suppose -82*l + 10679 = -8755. Calculate the greatest common divisor of 3239 and l.
79
Suppose -331*n + 61*n + 540 = 0. Suppose -4*i + 9 + 263 = 3*t, 2 = -2*i. What is the greatest common factor of n and t?
2
Let a(d) = -5*d + 53. Let m be a(9). Suppose -6*l - 28 = -m*l. Calculate the greatest common factor of 4 and l.
2
Let h be (440/(-50))/22*(-10985 - 0) - 7. Calculate the greatest common divisor of 41 and h.
41
Suppose 0 = -68*k + 128151 - 42471. What is the greatest common divisor of k and 5?
5
Let f = 657 + 839. Let h = f - 1021. What is the greatest common factor of h and 19?
19
Let w be 20*((-780)/(-72) + -11)*(-45)/2. What is the greatest common factor of 555 and w?
15
Suppose 2*v - 60 = -50. Let f = -48 - -98. Suppose 0 = -3*n - 3*x + 64 + f, 3*n - x - 122 = 0. Calculate the highest common divisor of n and v.
5
Let w = -294 - -319. Suppose -7*i - w*i + 3840 = 0. Calculate the highest common divisor of i and 24.
24
Let l = -4 - -10. Let j be (3/l)/(((-15)/384)/(-5)). Suppose -42 = -5*v - 2. Calculate the greatest common divisor of j and v.
8
Let v = 337655 + -337604. Let c = 1 + 2. Calculate the greatest common divisor of c and v.
3
Suppose 10 = t + 3*r - 1, 4*t - 2 = 2*r. Let x be (0 - -2)/((-4)/(-2)). Calculate the highest common factor of x and t.
1
Let y = -201 - -332. Let s = -116 + y. What is the highest common divisor of 33 and s?
3
Suppose 1319166 = 192*m + 17*m + 97*m. Calculate the highest common divisor of 9 and m.
9
Suppose v + n = 26, 0 = -0*n + 2*n + 8. Calculate the greatest common factor of v and 730.
10
Suppose 5*c = -3*g + 4, -3*g - c + 4 = -2*g. Let z be (15/(-6))/((-10)/48). What is the highest common divisor of g and z?
4
Let g = -4281 + 4332. What is the highest common factor of 986 and g?
17
Let h be 6/54 + (-57)/27. Let g be 1636/8 - h - 11/(-22). Calculate the greatest common factor of 276 and g.
69
Let o = 693 + 578. What is the highest common factor of 205 and o?
41
Let h = -241558 - -241693. Suppose -c - 15 = 5*i + 4*c, 3*i + 7 = -2*c. Let a be 2*13 + (-1)/i. What is the highest common divisor of h and a?
27
Let x(k) = -k**2 - 95*k + 2476. Let t be x(21). Calculate the highest common factor of 3910 and t.
10
Let w be 2/(4 + -10)*-7*21. Suppose 12*l - 5*l = w. What is the highest common factor of 182 and l?
7
Let b = -20 - -36. Suppose 4*t = 24*l - 28*l + 236, -4*t = -5*l - 281. What is the greatest common factor of b and t?
16
Let i be (-5)/(-3)*792/330 + 18. Calculate the highest common factor of 8426 and i.
22
Let a = 646 + -1367. Let v = a - -787. What is the greatest common divisor of 1056 and v?
66
Suppose -97*l + 3390 = 7*l + 9*l. What is the greatest common factor of l and 330?
30
Suppose 0 = 5*r - 4*r - 28. Suppose 14*i = -84 + 2338. What is the highest common factor of i and r?
7
Suppose 0 = -10*k + 97 + 203. What is the highest common divisor of 66 and k?
6
Let x = 886 - 875. Let n be 6/(0 + (3 - 1)). Suppose -n*y + 440 = 2*y. What is the greatest common divisor of y and x?
11
Suppose 3672 = 264*l - 255*l. What is the greatest common divisor of 1088 and l?
136
Let f = 5 - 6. Let o be ((-102)/4)/(f/(-4)*-2). Calculate the highest common factor of o and 561.
51
Let u = 6 + -2. Suppose 0 = 11*z + 28024 - 28376. Calculate the greatest common divisor of z and u.
4
Let i be (18 - (-495)/(-22))*(-36)/2. What is the greatest common divisor of 4 and i?
1
Suppose 330 = 29*f - 598. Let i = f - -6. Calculate the highest common factor of 646 and i.
38
Suppose -1725 - 1731 = 8*c. Let n = c - -527. What is the greatest common factor of 5 and n?
5
Let q be 1035650/84 + 22 + (-1)/6. What is the highest common divisor of 358 and q?
179
Let m(b) = b**3 + 6*b**2 + 7*b + 21. Let y be m(-9). Let v = y + 297. Calculate the highest common factor of 108 and v.
12
Suppose 15*a + 64 = 79. What is the highest common factor of 148 and a?
1
Let c = 17240 - 15982. Calculate the highest common divisor of 272 and c.
34
Let f = 55 - -71. Let g be 18/(-21)*(-294)/18. Calculate the greatest common divisor of f and g.
14
Let s(n) = n**2 + 10*n + 43. Let u be s(-5). Suppose -16*p + u*p = 38. Let c = 355 + -146. What is the greatest common factor of p and c?
19
Let u(g) = -5*g - 57. Let v be u(-15). Suppose 243 = 9*n + v. What is the greatest common factor of n and 175?
25
Let k(u) = u + 37. Let b be k(7). Suppose -6*p + b = -40. What is the greatest common divisor of p and 7?
7
Let z be (840/(-98) - -8)/((-8)/924). Let s(f) = f**3 - 7*f**2 + 2*f - 8. Let l be s(7). Calculate the greatest common divisor of l and z.
6
Let s = -14 - -13. Let t = s - -4. Suppose -2*b + q = t*b - 931, 549 = 3*b - 3*q. Calculate the greatest common factor of b and 17.
17
Let l = 647 - 377. Suppose 10*a - l = 8*a - 5*j, 2*a = 2*j + 284. Calculate the greatest common factor of 70 and a.
70
Let r = 2026 - 1168. Suppose -2*f + 138 = -2*a, -4*f - 3*a - 9704 = -9959. What is the highest common factor of r and f?
66
Suppose 0 = -3*y - 5*j + 15453, -y + 7*j = 10*j - 5143. Calculate the highest common factor of 13 and y.
13
Suppose -520 = -5*j - 5*n, 1 = 38*n - 37*n. What is the greatest common divisor of 9167 and j?
103
Suppose 2*k - i - 38188 = -681, -5*i - 18740 = -k. What is the highest common divisor of 155 and k?
155
Suppose -198 = -107*s + 118*s. Let f be ((-1)/(5/s))/((-98)/(-2940)). What is the highest common factor of f and 144?
36
Suppose 0 = -6*i - 10*i + 64. Let x = 10 + -7. Suppose -2*b = -4*q + 58, x*b - 54 = -i*q + 19. What is the greatest common factor of q and 24?
8
Suppose 3*y - 3*p - 18 = 0, -p = -3*y + p + 16. Let x be (3 + -8)/((-83)/(-28) - 3). What is the greatest common factor of x and y?
4
Let f(t) = -8*t + 154. Let y(x) = -8*x + 153. Let p(i) = 5*f(i) - 4*y(i). Let m be p(19). Calculate the greatest common divisor of 93 and m.
3
Let h be 3/((-27)/(-374)) + (-300)/(-675). Calculate the greatest common factor of 798 and h.
42
Suppose -5*m + 3*m + 5*x = -24, 2*m + 5*x = -16. Let b = 82 + m. Calculate the greatest common divisor of b and 48.
12
Suppose 3*l = -4*p + 4, 5*l + 16 = 6*p - 7*p. Suppose -p*j = 8*j - 4116. Calculate the highest common divisor of j and 21.
7
Let r = -134 + 92. Let q be ((-40)/r - (-12)/(-42))*1920. What is the greatest common divisor of 40 and q?
40
Let j = 91 + -84. Suppose 3*l - j*l = -128. Let r be (-3)/(-2)*l/2. Calculate the greatest common divisor of r and 24.
24
Suppose -5*j - 2*v = -122, -9*j + 7*j + 5*v + 14 = 0. Suppose -64 = -2*o + 332. What is the highest common divisor of o and j?
22
Suppose 0 = -5*c - 1 + 6. Suppose 3*s - 8 = -2*a, 11 = a + 3*s + c. Let v be ((-25)/(-20))/(a/(-16)). Calculate the highest common factor of 5 and v.
5
Let j(i) = 5*i**3 + 3*i**2 - i - 1. Let q be j(1). Let h be (-11960)/(-80) - ((-1)/2 - 0). What is the highest common divisor of h and q?
6
Let m = 8942 + -7520. What is the highest common divisor of 18 and m?
18
Suppose 3516 = 155*h - 3304. Calculate the greatest common divisor of h and 108.
4
Suppose -21*l + 26*l = -460. Let d = -83 - l. Suppose d*a + 0 = 9. What is the greatest common divisor of a and 7?
1
Suppose -13*p + 11*p - 3*w = -120, 3*p + 3*w - 168 = 0. Suppose 2*t + 3*t = 3120. Calculate the greatest common factor of p and t.
48
Suppose -43 = 37*q + 2577 + 3448. Let h(p) = -91*p**2 - 2*p + 1. Let d be h(1). Let n = d - q. Calculate the greatest common factor of 24 and n.
24
Suppose -405*l = -408*l - 33. Let r(f) be the third derivative of -f**4/12 - 2*f**3/3 - 5*f**2. Let q be r(l). Calculate the highest common divisor of q and 18.
18
Let d(u) = 12*u + 138. Let s be d(-7). Suppose -s = 57*j - 60*j. Calculate the greatest common factor of 126 and j.
18
Let j = -1527 + 1541. Let i(g) = g**3 - 17*g**2 + 27*g - 26. Let v be i(18). What is the greatest common divisor of j and v?
14
Let i = -8 - -10. Suppose 3*b - 3 = 4*g + 4, 3 = -5*g - i*b. Let w be ((-3)/2)/(((-2)/(-24))/g). What is the greatest common divisor of w and 6?
6
Let v be -2*4/(-24) - (-249)/9. Suppose 2*d - 4*d = -5*b + 908, -2*b + 5*d + 359 = 0. What is the highest common factor of v and b?
14
Let j = 1675 - 839. Suppose 5*k + 45 = 0, -235 = -2*m - 3*k + 42. Calculate the highest common divisor of m and j.
76
Let f(s) 